ivided by 4.
3
Let n = -3 - -1. Let x be 51/n*(-2)/3. Suppose f = 2*t + 4, -3*f + 5*f - x = -5*t. Calculate the remainder when 10 is divided by f.
4
Let u(y) = y**2 + 3*y - 3. Let c(w) = w**3 + 7*w**2 - 6*w + 11. Let g be c(-8). What is the remainder when 25 is divided by u(g)?
4
Calculate the remainder when 2/2*(1 + 8) is divided by 3.
0
Suppose -3*l + 0*l - 4*w = -15, -2*l = -2*w - 10. Let n(m) = -m**3 - m**2 + 6*m + 13. What is the remainder when n(-3) is divided by l?
3
Suppose -16 = -0*o + 4*o, 0 = 2*c + o - 46. Suppose 3*g - 5*u + 1 = -1, -2*u + 2 = 0. What is the remainder when c is divided by 8 - (-3 + 1 + g)?
7
What is the remainder when 37 is divided by (-95)/(-10) + (-6)/4?
5
Let o be 6/(-4)*(-120)/36. Suppose -o*h = -n + 34, 5*n + 2*h - 4*h = 78. What is the remainder when 26 is divided by n?
12
Suppose 2*k + 22 = 3*v, 2*v = 3*v - 4*k - 14. Calculate the remainder when 33 is divided by v.
3
Suppose 12 = -4*v + v, -2*n + 4*v + 20 = 0. Suppose -f + 4*f - 20 = n*c, 2*c + 16 = 2*f. Let b = 6 + 5. Calculate the remainder when b is divided by f.
3
Let w be ((-3)/(-3))/((-2)/(-10)). Suppose 0*t = -w*t + 5, -5*t = 5*f. What is the remainder when 25 is divided by (2 + f)/(1/9)?
7
Let k = 12 + 2. What is the remainder when k is divided by 4?
2
Let w be (4*(-1)/(-2))/(-1). What is the remainder when (-2)/2*14*w is divided by 15?
13
Let u = 16 - -3. Calculate the remainder when 35 is divided by u.
16
Let y be 3/6 + 3/2. Suppose -x - y*x = -57. Suppose -6*z + x = 3*g - 2*z, -3*g + 5*z + 64 = 0. Calculate the remainder when 24 is divided by g.
11
Suppose 0 = -4*v + 1 - 13. Let a = v + 8. Calculate the remainder when 6 is divided by a.
1
Let y = 18 - 16. Let h = 2 - 4. Let q = h - -4. What is the remainder when y is divided by q?
0
Let a = 22 - 12. Let v(h) = h**2 - 4*h + 6. What is the remainder when v(-4) is divided by a?
8
Let g be (-4 + 2)/((-1)/(-30)). Let u be (4/(-5))/((-8)/g). Calculate the remainder when 20 is divided by 56/12*u/(-4).
6
Let g = 12 + 49. Calculate the remainder when g is divided by 16.
13
Suppose -3*o + 17 = -2*c + 78, c - 4*o - 23 = 0. What is the remainder when c is divided by 9?
8
Let n = 43 + -18. Let o(w) = -w**3 - 9*w**2 - 10*w - 9. Calculate the remainder when n is divided by o(-8).
4
Suppose -3*j = -0*l - 3*l - 30, -4 = l. What is the remainder when 14 is divided by j?
2
Suppose -3*v + 2*a + 75 = 0, a = v - a - 25. Suppose 5*h = 5*x + 30, 0 = -x + 2 + 1. What is the remainder when v is divided by h?
7
Let w = 31 - 85. Calculate the remainder when (4 + -5)/(2/w) is divided by 14.
13
Let k(t) = t**3 - 3*t**2 - 2. Suppose -4*b + 208 = 3*m, 4*b = m + 4*m + 240. Calculate the remainder when b is divided by k(4).
13
Suppose 0 = 4*f - a - 7, a = f - 3*f + 5. Suppose -3*m + 10 = 4*g, -f*m - m + 2 = 2*g. What is the remainder when m + (8*-1)/(-1) is divided by 4?
2
Calculate the remainder when 78 is divided by (-17 - -12)/((-1)/4).
18
What is the remainder when 56 + -4*(4 + -3) is divided by 13?
0
Let p(l) = 4*l**2 - 4*l + l + 1 + 4*l. What is the remainder when 17 is divided by p(-1)?
1
Let a = 5 + -8. Let z be a/((18/4)/3). Calculate the remainder when 17 is divided by (-23)/z + 9/(-6).
7
Suppose 0 = -2*d + 94 + 22. Calculate the remainder when d is divided by 20.
18
Calculate the remainder when (-290)/(-4) + 1/(-2) is divided by 15.
12
Suppose -3*b = -8*b + 50. What is the remainder when (-2)/11 + 200/11 is divided by b?
8
Let r(j) = -2*j + 2. Suppose 0 = -5*n + 4*p - 10 + 70, n - p - 12 = 0. Calculate the remainder when r(-10) is divided by n.
10
Let b(l) = 4*l - 7. Calculate the remainder when 133 is divided by b(13).
43
Let q(j) = j - j**3 + j**2 + 13 + 23 - 14. Let w be q(0). Suppose w = -4*d + 66. What is the remainder when 32 is divided by d?
10
Let d = -10 + 15. Suppose -40 = -d*w - 0*w. Calculate the remainder when 29 is divided by w.
5
Suppose -2*k + 18 = -0*k. What is the remainder when 17 is divided by k?
8
Suppose -n = n - 6. Suppose 50 = n*q + 2*q. What is the remainder when -2*(0 + (-58)/4) is divided by q?
9
Let y(g) = 4*g**2 - 10*g + 5. What is the remainder when 86 is divided by y(4)?
28
Suppose 4*a = 3*z + 15, z = a - 3*a - 5. Calculate the remainder when a - 3/(3/(-29)) is divided by ((-6)/(-8))/((-7)/(-140)).
14
Let a(p) = -2*p**3 - 40*p**2 + 42*p + 12. What is the remainder when 71 is divided by a(-21)?
11
Let l(u) = -11*u - 4. What is the remainder when 22 is divided by l(-1)?
1
Suppose 0*k + 7 = -2*z - k, -14 = 3*z - 2*k. Let s(a) = -7*a - 1. What is the remainder when s(z) is divided by 7?
6
Suppose 57 = -4*z + 7*z. Calculate the remainder when z is divided by 11.
8
Let y(m) = -2*m**3 + 3*m + 2. Let r be (-28)/12 + 1/3. Calculate the remainder when y(r) is divided by 7.
5
Suppose -3*g + 5*c = -31, 3*c + 2 + 31 = 3*g. Calculate the remainder when 32 is divided by g.
8
Let i = 24 + -9. Let r(w) = -5*w - 1. Calculate the remainder when i is divided by r(-1).
3
Let p(o) = -4*o - 18. Calculate the remainder when p(-13) is divided by 18.
16
What is the remainder when 31 is divided by 11 + 0 + (-11 - -8)?
7
Let y(h) = h**2 + 7*h + 7. Let n be y(-5). Let k be (-362)/n - 4/6. Let d = k - 83. What is the remainder when d is divided by 10?
7
Let y(u) = u**2 - 7*u + 5. Calculate the remainder when 66 is divided by y(9).
20
Let m(l) = -l**2 - 15*l - 21. Calculate the remainder when 93 is divided by m(-9).
27
Calculate the remainder when 28 is divided by 5/(-3 + (-3)/(9/(-12))).
3
Let w = -89 - -60. Let h = w - -42. Calculate the remainder when 24 is divided by h.
11
Let r = 10 - 8. What is the remainder when 5 is divided by r?
1
Suppose -p = 0, -101 = -3*c - p + 13. Let k = -25 + c. Suppose 0 = -u + 3*o + 41 - k, -o = -4*u + 57. What is the remainder when 25 is divided by u?
12
Suppose -8*i = -6*i - 18. Let s = 13 - -1. Calculate the remainder when s is divided by 3/((i/8)/3).
6
Suppose 5*y = -13 + 48. Calculate the remainder when 19 is divided by y.
5
Let c(t) = t**3 - 7*t**2 + t - 3. Let i be c(7). Calculate the remainder when (6/i)/(18/348) is divided by 16.
13
Let i = 53 + -21. Let n(c) = c**2 - 14*c - 5. Let g be n(13). Let o = i + g. Calculate the remainder when 40 is divided by o.
12
Suppose -2*s + 464 = 4*a - 6*s, 0 = -3*a - 2*s + 328. What is the remainder when a is divided by 38?
36
Calculate the remainder when 103 is divided by (-712)/(-28) + (-12)/(-21).
25
Calculate the remainder when 9 is divided by (-1)/3 - (-100)/30.
0
What is the remainder when 24 is divided by -3*(4 + 0 - 9)?
9
Let v = -20 - -24. What is the remainder when 14 is divided by v?
2
Suppose 3*t + 2*t - 36 = -k, -3*k = -3*t - 180. Calculate the remainder when k is divided by 19.
18
Let b = -92 - -145. Suppose -4*j = -2*p + 136, -3 = 3*p + 9. Let a = -22 - j. Calculate the remainder when b is divided by a.
11
Let n = -11 - -6. Let j = 7 + n. Suppose 4*y + y - 15 = 0. Calculate the remainder when y is divided by j.
1
Calculate the remainder when 360/14 - (-4)/14 is divided by 1/(-4) + 74/8.
8
Let v(r) = 3*r + 6. Let x = 4 - 8. Let l be (-26)/x + (-3)/6. What is the remainder when v(l) is divided by 13?
11
Let k = 213 + -127. What is the remainder when k is divided by 22?
20
What is the remainder when (-47)/(-5) - (-2)/(-5) is divided by 6?
3
Let q(p) = 0 + 2 - p**3 - 5*p + 9*p**2 - 2*p. What is the remainder when q(8) is divided by (0 - -2) + (-1 - -3)?
2
Suppose 0 = -3*z - 3*g, -3*z + 0*g = 5*g + 10. Suppose 2*a = -z*n + 69, 5*n = n - 3*a + 58. What is the remainder when n is divided by 8?
5
Suppose 2*t = 0, 0 = 2*j + 3*j + t + 60. Let r = -6 - j. Suppose 0 = -x + 2*w + r + 12, -4*x + 2*w + 102 = 0. Calculate the remainder when x is divided by 15.
13
Let g(u) = -3*u + 35. What is the remainder when 5 is divided by g(11)?
1
Let u be 1 + -2 - (-2 + 3). What is the remainder when -1*(-4 + u + 4) is divided by (-3)/2*(-8)/12?
0
Let r(o) = -o**3 - 19*o**2 + 15*o - 17. Calculate the remainder when r(-20) is divided by 21.
20
What is the remainder when -1 - (-402)/4*2 is divided by 29?
26
Let p(d) = d**3 + 8*d**2 + 3. Let n(h) = -3*h - 1. Let f be n(2). Let q be p(f). Suppose 2*u = q + 42. Calculate the remainder when u is divided by 16.
15
Suppose 2*f + 6 = 4*s - 8, -5*f = 5*s - 25. Let z(y) = -y**2 + 1. Let l be z(s). Calculate the